 3, what is -21102222001 + -1022?
-21110000100
In base 3, what is 1220211112 - -12?
1220211201
In base 14, what is 264b - -33?
2680
In base 8, what is -1055 + -10412?
-11467
In base 4, what is -310 + 1212?
302
In base 5, what is 12212 - -1103?
13320
In base 11, what is -20 - -1530?
1510
In base 15, what is -1d5ad + 2?
-1d5ab
In base 13, what is 10b + 93c?
a4a
In base 7, what is -3013 + -1123?
-4136
In base 6, what is -2530150 - 0?
-2530150
In base 10, what is 3 + 6933?
6936
In base 8, what is 316 + -3762?
-3444
In base 12, what is -104498 - 5?
-1044a1
In base 16, what is 16c6 - 1e?
16a8
In base 8, what is -6 + -41225?
-41233
In base 5, what is -102 - 234134?
-234241
In base 12, what is b5 + ab?
1a4
In base 16, what is -59 - 154?
-1ad
In base 2, what is -1001000101101 + -1001?
-1001000110110
In base 10, what is 2 + 1694610?
1694612
In base 16, what is -bb + 2f7c?
2ec1
In base 4, what is -1333102130 - 3?
-1333102133
In base 15, what is a24 - 416?
60d
In base 10, what is 0 + 13985?
13985
In base 3, what is 2222 - -202201220?
202211212
In base 4, what is 3022 + -133?
2223
In base 8, what is -701 - -14155?
13254
In base 15, what is -a16b + -11?
-a17c
In base 13, what is 3a + 380?
3ba
In base 16, what is -6 - -d4b?
d45
In base 6, what is 3 - -45545?
45552
In base 3, what is -112021011 - -10?
-112021001
In base 9, what is -658237 - -4?
-658233
In base 9, what is 36 + -1462?
-1425
In base 11, what is -6a + -232a7?
-23366
In base 9, what is -1 + -74315?
-74316
In base 2, what is -111110011 + 1000100?
-110101111
In base 10, what is 0 - 127626?
-127626
In base 14, what is -270d - -31?
-26bc
In base 6, what is -10210 + -4122?
-14332
In base 6, what is 3531532 + 0?
3531532
In base 7, what is 4 + 112646?
112653
In base 6, what is -102 + 23422?
23320
In base 2, what is -1011 - -11000110011000?
11000110001101
In base 5, what is -221 - 403002?
-403223
In base 5, what is 0 + 33013400?
33013400
In base 6, what is 3242 - 3022?
220
In base 4, what is 2 + 1120110?
1120112
In base 7, what is -3443 + 13?
-3430
In base 3, what is 1011 + -2100102?
-2022021
In base 10, what is 67 + 26?
93
In base 14, what is 160 + 1b50?
1cb0
In base 7, what is 5 + -406463?
-406455
In base 13, what is c90 - 3?
c8a
In base 7, what is 5310 + -1315?
3662
In base 2, what is 1110000101 + -10100?
1101110001
In base 11, what is -7625 + 138?
-7498
In base 10, what is 6 - -80839?
80845
In base 16, what is -58 - 3ae?
-406
In base 7, what is -1531 + -1332?
-3163
In base 5, what is -23342 - 1010?
-24402
In base 7, what is 52 + 16502?
16554
In base 5, what is -2434 - -1401?
-1033
In base 2, what is -1100110000000101001 + -101?
-1100110000000101110
In base 4, what is 233020 + 11?
233031
In base 13, what is 88 + -3c2c?
-3b74
In base 3, what is 12010 + -121010?
-102000
In base 12, what is 74a04 + 17?
74a1b
In base 16, what is -2 - 6460?
-6462
In base 10, what is 8991 - -5?
8996
In base 4, what is -22001 - -13012?
-2323
In base 16, what is -1da4 - 16f?
-1f13
In base 5, what is 1143 - 23103?
-21410
In base 10, what is -33 + 51?
18
In base 16, what is -e + 249?
23b
In base 16, what is -98a - e?
-998
In base 2, what is -10010001 - -1000000001001000?
111111110110111
In base 8, what is -31571665 + -4?
-31571671
In base 15, what is 5c - 1676?
-1619
In base 6, what is 224 + 23453?
24121
In base 4, what is 202103 - -122?
202231
In base 11, what is 2139 - 33a?
18aa
In base 12, what is -2 + -7805?
-7807
In base 12, what is 37a4 + 11?
37b5
In base 2, what is 0 + 1110110100?
1110110100
In base 10, what is -59 + 2511?
2452
In base 2, what is 1000011 - -1001111111000111?
1010000000001010
In base 9, what is 302 - 445?
-143
In base 2, what is 1001101100 + 1000000?
1010101100
In base 7, what is 63135 + 11?
63146
In base 15, what is 182c6 + -26?
182a0
In base 16, what is 3 - 40d29?
-40d26
In base 12, what is -1a839 + 10?
-1a829
In base 2, what is -11011100000 + 110111101?
-10100100011
In base 2, what is 101010000011111010 + 10101?
101010000100001111
In base 10, what is 45 + 898?
943
In base 8, what is 13375 - 513?
12662
In base 12, what is 3a57 + -79?
399a
In base 9, what is 2 - -46?
48
In base 15, what is -22146 - -3?
-22143
In base 7, what is 1 - 414131?
-414130
In base 11, what is 16921 + 40?
16961
In base 16, what is 50 - -14b?
19b
In base 13, what is -107cc + 80?
-1074c
In base 12, what is 272a - 176?
2574
In base 12, what is -2981ab + 2?
-2981a9
In base 15, what is 4 + -80c?
-808
In base 6, what is -5 - -21342451?
21342442
In base 7, what is 3030 + 42?
3102
In base 11, what is -5403 - -9?
-53a5
In base 13, what is -126059 + -5?
-126061
In base 12, what is 6 - 33341?
-33337
In base 4, what is -3 - 2112210221?
-2112210230
In base 3, what is -22211000 + -200?
-22211200
In base 11, what is 108a961 + -5?
108a957
In base 4, what is -12 + 23111030?
23111012
In base 8, what is -433 - -665?
232
In base 6, what is 4 + -430205?
-430201
In base 2, what is 111111100101101100 + 0?
111111100101101100
In base 5, what is -11224 + -130213?
-141442
In base 3, what is 1012001 - 101?
1011200
In base 5, what is 4 - 123044030?
-123044021
In base 7, what is -1 - 1261031?
-1261032
In base 4, what is -30 - -20122301?
20122211
In base 6, what is -5 - 103142?
-103151
In base 7, what is -131 - -11230?
11066
In base 15, what is -13b4 - 17?
-13cb
In base 2, what is -1001101110111010101 - 101?
-1001101110111011010
In base 15, what is 4 + 1b8cd?
1b8d2
In base 2, what is 11000001 + 1011111011110?
1100010011111
In base 9, what is 40120 + 45?
40165
In base 12, what is -4 + -10069?
-10071
In base 10, what is 2 - -11518?
11520
In base 3, what is 2010011111 + 11?
2010011122
In base 14, what is -a8 - 8017?
-80c1
In base 14, what is 1 - -1480d?
14810
In base 6, what is 1 - -2520211?
2520212
In base 10, what is -61 + -658?
-719
In base 6, what is -114401 + -12?
-114413
In base 11, what is -89 + 3913?
3835
In base 5, what is -232 - -10023?
4241
In base 3, what is 122001022 - 12?
122001010
In base 2, what is -1000110111111110 - 101?
-1000111000000011
In base 5, what is 1 + -141013?
-141012
In base 5, what is -213112 - 12?
-213124
In base 8, what is 24611 + -20?
24571
In base 15, what is 234 - -30?
264
In base 8, what is 1025152 + 1?
1025153
In base 7, what is -10263 - -54?
-10206
In base 11, what is -1 + 417722?
417721
In base 12, what is 2b41 - -13?
2b54
In base 9, what is 450607 + -2?
450605
In base 6, what is 45142 - 211?
44531
In base 13, what is 4 + -19157?
-19153
In base 8, what is -5 + -36136?
-36143
In base 7, what is 2651 + -64?
2554
In base 13, what is 247 - -310?
557
In base 8, what is -126051 - 3?
-126054
In base 7, what is 46 + -3204?
-3125
In base 8, what is 32 + -31302?
-31250
In base 11, what is 148 - 357?
-20a
In base 14, what is 5 + a85a?
a861
In base 5, what is 43 - 20140?
-20042
In base 2, what is 1010 - 101101010010001?
-101101010000111
In base 11, what is 580829 + 5?
580833
In base 10, what is 10128 - 3?
10125
In base 4, what is -12 - -112012310?
112012232
In base 5, what is -34012 + -42?
-34104
In base 12, what is 49 - 24b?
-202
In base 7, what is 615 + 1402?
2320
In base 2, what is -101101010100 + 11?
-101101010001
In base 2, what is 101 - -1101010100111?
1101010101100
In base 3, what is 12121121 + -100?
12121021
In base 8, what is -1 + 60531?
60530
In base 7, what is 3232 - 2146?
1053
In base 7, what is 520415 - 5?
520410
In base 4, what is 110102123 + -2?
110102121
In base 7, what is -65346 - -43?
-65303
In base 13, what is 4b - 49a9?
-495b
In base 6, what is 10523 - -5114?
20041
In base 15, what is 15e + 137?
296
In base 8, what is 1110047 - -3?
1110052
In base 6, what is -550 + 4544?
3554
In base 7, what is 5 - 202005?
-202000
In base 15, what is 41 + db?
12c
In base 7, what is 14 - -134264?
134311
In base 2, what is 1000 - 11101110100010010?
-11101110100001010
In base 5, what is -21011443 + 0?
-21011443
In base 9, what is 118 - 555?
-436
In base 4, what is 32001110 + 1003?
32002113
In base 5, what is -1112 + 2432?
1320
In base 13, what is -2 + 5238?
5236
In base 7, what is 336 - 346?
-10
In base 9, what is -4 + -32587?
-32602
In base 13, what is -730b7 + 3?
-730b4
In base 15, what is -151e6b + 5?
-151e66
In base 9, what is -4 - 1325?
-1330
In base 16, what is -1a4029 - 2?
-1a402b
In base 10, what is -191749 + -2?
-191751
In b